p + o. Calculate the remainder when p is divided by 15.
14
Let k(d) = 3*d**3 + 3*d**2 - 2*d - 1. What is the remainder when k(2) is divided by 11?
9
Suppose 5*l - 45 = -g, 5*l = -1 + 16. Let r(c) = c**3 - 7*c**2 + 4*c + 3*c**2 + 4*c - 4*c. Calculate the remainder when g is divided by r(4).
14
Suppose 0 = -2*i + k, -4*i - 2*k = i. Let b(l) = -l**3 - l**2 - l + 5. Let u be b(i). Suppose -m = -u*m + 44. What is the remainder when m is divided by 4?
3
Suppose -2*n - 433 = -5*q + 2*n, -3*q = -3*n - 261. Suppose 5*t = -5*d + q, 3*d + 11 = 4*d + 3*t. What is the remainder when 79 is divided by d?
19
Suppose -178 = 4*j + 2*u, -j + 0*j - 22 = 5*u. Let t = j + 84. Calculate the remainder when t is divided by (-26)/(-2) + (1 - 1).
11
Let d(o) = -24*o**3 - 5*o - 7. Calculate the remainder when d(-2) is divided by 22.
19
Let i = -57 - -65. Calculate the remainder when 27 is divided by i.
3
Let d = 14 - 13. Calculate the remainder when 10 is divided by 1 - (-6)/2*d.
2
Suppose 10*n - 13*n = -144. What is the remainder when n is divided by 26?
22
Suppose 3*d - 10 = 2*d. Let j(y) = 6*y**3 - y + 1. What is the remainder when d is divided by j(1)?
4
Suppose 2*a = z + 10, -2 = -2*z - 6. Suppose 0 = -4*v + n + 27, n - 37 = -5*v - n. What is the remainder when v is divided by a?
3
Let d be (-4)/6 + (-490)/(-15). Suppose g - d = -g. Calculate the remainder when 46 is divided by g.
14
Let h(c) = -c**3 + 2*c**2 + 5*c - 3. Let b be h(3). Calculate the remainder when ((-2)/4)/(b/(-276)) is divided by 16.
14
Let k(z) = -24*z + 3. What is the remainder when k(-3) is divided by (0 + -42)/(-2) + (-53 - -51)?
18
Suppose 13*d - 4 = 178. What is the remainder when 22 is divided by d?
8
Let z be -2 + (-1)/((-2)/4). Suppose -d - 1 = -z*d. What is the remainder when (d/(-2))/((-1)/(-46)) is divided by 12?
11
Let g = 91 + -78. Calculate the remainder when 50 is divided by g.
11
Suppose 5*y = 5, 8 = -2*i + 3*i - y. Calculate the remainder when 96 is divided by i.
6
What is the remainder when (-2)/5 + -5 + (-768)/(-20) is divided by 9?
6
Let m be -13*(4 + -1 + -4). Suppose d = m - 0. What is the remainder when 25 is divided by d?
12
Let i = 19 + 40. Let b = 25 - -5. Calculate the remainder when i is divided by b.
29
Let g be 42/12*(-8)/(-14). Calculate the remainder when (-833)/(-28) + g/8 is divided by 11.
8
Let p(s) = -2*s - 6. Suppose 3*y = -2 - 1. Let k = 7 + y. Calculate the remainder when k is divided by p(-5).
2
Calculate the remainder when 8/8 + (-184)/(-2) is divided by 24.
21
Let y(d) = d + 20. Let p be (-34)/(-4) - (-2)/4. Suppose -u + 37 = p. Calculate the remainder when u is divided by y(-5).
13
Calculate the remainder when ((-328)/205)/((-4)/130) is divided by (27/(-1))/(1/(-1)).
25
Suppose -7 = -2*z - 3. Suppose 0 = a - 4 - z. Calculate the remainder when a is divided by 4.
2
Suppose 7*m + 55 = 2*m. Let s = m + 16. Suppose -4*p + 8 = 2*w, 6*p = 3*w + 2*p - 62. Calculate the remainder when w is divided by s.
4
Let b(z) = 3*z**2 - 2*z. Let q be b(2). Suppose -38 = -3*a - q. What is the remainder when 18 is divided by a?
8
Suppose -2*k + 0*k = -118. Calculate the remainder when k is divided by 20.
19
Suppose -5*t + 14 = -f, -2*f - 2*f = -5*t + 11. Let y = -6 - -14. What is the remainder when y is divided by t?
2
Let s(f) = -1 + 2*f + 2 - 3 - f**3. Suppose -5 = -d + 2. What is the remainder when s(-3) is divided by d?
5
What is the remainder when 85 is divided by (-1)/(-6) - 1211/(-42)?
27
Let z(o) = -o**3 - 4*o**2. Let c be z(-3). Let m be (-4 + (-58)/(-6))*3. Let a = c + m. What is the remainder when a is divided by 5?
3
Suppose 5*w - 8*w = -96. Let j(f) = 2*f**2 + 3*f + 8. Calculate the remainder when j(7) is divided by w.
31
Let d(l) = 2*l**3 + 2*l**3 - 10*l**2 - 7*l**3 + 5 - 9*l + 2*l**3. Suppose -o + 12 = -x, -4*x - 24 = -3*x - 5*o. What is the remainder when d(x) is divided by 2?
1
Suppose -2*d = 3*m + 2*m - 35, -4*m + 28 = 3*d. Let a be (58/(-6))/((-2)/6). Suppose 3*t = 7 + a. What is the remainder when t is divided by m?
5
Let b = 75 - 32. Suppose 5 = -2*z + 35. What is the remainder when b is divided by z?
13
Let p = -24 - -46. What is the remainder when 87 is divided by p?
21
Let x = -1 + 30. Suppose 4*t + 2*d - 258 = t, 3*t - 258 = 5*d. What is the remainder when t is divided by x?
28
Let b(c) = -c**2 + 1. Let v be b(-2). Let r(t) = t + 11. What is the remainder when v - (0 - -1)*-25 is divided by r(-5)?
4
Let h = 24 + -16. Calculate the remainder when 31 is divided by h.
7
Suppose -4*m - m - 2*t = -194, 0 = m + 3*t - 31. Let o(q) = -q**2 - 10*q - 4. Let y be o(-6). Let p = 41 - y. Calculate the remainder when m is divided by p.
19
Suppose -3*y - 5*f = 14, -9 = 4*y + 2*f + 5. Let g = y + 12. What is the remainder when (-7)/3 + (-2125)/(-75) is divided by g?
8
Let i = -141 + 188. What is the remainder when i is divided by 15?
2
Let u(b) = -b**3 + 7*b**2 + 5*b - 15. What is the remainder when u(5) is divided by 31?
29
Suppose 3*h - 18 = -6. Suppose -h*i + i - 3*o = -9, 3*i + 5*o - 7 = 0. Suppose 3*c + 10 = 43. What is the remainder when c is divided by i?
3
Let v = -22 + 36. Let t = v - -6. What is the remainder when 38 is divided by t?
18
Let n = 76 + 8. Calculate the remainder when n is divided by 44.
40
Let s = 13 + 19. Let t = s + -1. What is the remainder when t is divided by (-2)/5 - (-57)/5?
9
Let l(p) = -p**3 - p**2. Let k be l(-3). Let i = 35 - k. What is the remainder when i is divided by 5?
2
Suppose 0 = -5*p - 2*v + 93, 39 = -3*p + 6*p - 3*v. Calculate the remainder when p is divided by 10.
7
Let y = 14 - 17. Suppose -33 = -7*m + 4*m. What is the remainder when 9*(50/y)/(-5) is divided by m?
8
Let z be 2/5*5*1. Suppose -5*l - 4*n + 33 = 0, 5*l - z*n - 51 = -0*l. What is the remainder when l is divided by 4?
1
Let w(l) = -l - 14. Let p(x) = x + 13. Let i(a) = -6*p(a) - 5*w(a). Suppose -45 = -5*u - 5. What is the remainder when u is divided by i(-11)?
2
Suppose 0 = m + 3*m + 32. Let g = m + 10. What is the remainder when 3 is divided by g?
1
Let x = -24 + 31. What is the remainder when 26 is divided by x?
5
Let x(c) = 6*c + 7. Let h be x(6). Suppose -3*n = -2*n + 4*i - h, 0 = -3*n + i + 103. What is the remainder when n is divided by -1 - 2 - (-13 + -2)?
11
Suppose 5*a + 57 = 2*a. Let g = 30 + a. Calculate the remainder when 20 is divided by g.
9
Let x(c) be the first derivative of c**3/3 - 7*c**2/2 + 7*c - 3. Let a(u) = 2*u - 3. What is the remainder when a(8) is divided by x(7)?
6
Suppose -5*t = -34 - 46. Suppose p - 3*p + t = 0. Calculate the remainder when p is divided by 3.
2
Suppose -2*z = -g - 8, -3*g + 3*z - 29 + 8 = 0. Let x = 18 + g. Calculate the remainder when 34 is divided by x.
10
Let a = 12 - 9. Let w be a/9*(12 + -3). Suppose 30 = w*i + m, -2*m - 10 = -i + 2*m. Calculate the remainder when 28 is divided by i.
8
Let c be (-3)/6*1*12. Calculate the remainder when 19 is divided by (-3)/c + 19/2.
9
Let p be 1*54*(-1)/(-1). Let y be 2/(-9) + 12/p. Suppose -l = y, -3*c + 2*l + 13 = -2. What is the remainder when 13 is divided by c?
3
Suppose -18 - 37 = -d. Calculate the remainder when 160 is divided by d.
50
Let d = -3 - -5. Let i(c) = c**2 - c + 2. Suppose 2*g + 4*l - 40 = -l, 5*l - 10 = 0. What is the remainder when g is divided by i(d)?
3
Suppose 5*m + 0 - 36 = -4*r, 4*r - 2*m = 8. What is the remainder when 17 is divided by r?
1
Let p(u) = 5*u**2 + 4*u + 3. Calculate the remainder when p(-2) is divided by 9.
6
What is the remainder when 55 is divided by -5*3*(-8)/(-30)*-2?
7
Suppose 0 = -4*h - 13 + 441. Let x = -64 + h. Calculate the remainder when x is divided by 15.
13
Let l be (4/2)/(0 - 1). Let o be (l - 2/(-2)) + 1. Suppose 4*a - 4*c - 20 = o, 2*a - c - 4 = -5*c. What is the remainder when 7 is divided by a?
3
Let t(f) = f**3 + 13*f**2 + 15*f - 2. What is the remainder when t(-11) is divided by 19?
18
Suppose -30 - 30 = 5*v + 5*m, -m + 23 = -4*v. Let y(s) = -s + 10. What is the remainder when 32 is divided by y(v)?
15
Let u(d) = -d**3 - 4*d**2 - d - 4. Suppose -p = -4*p - 12. Let s be u(p). Suppose s = k - 7 - 0. Calculate the remainder when 20 is divided by k.
6
Let g = -16 + 35. Calculate the remainder when 53 is divided by g.
15
Suppose -2*n - 120 = -4*t - n, -3*t + 89 = -n. What is the remainder when t is divided by 17?
14
S